eatest common divisor of n and 54.
6
Suppose 8 = 4*t - 0*t, 0 = -5*a + 2*t + 61. Let x(j) = j**2 + j - 12. Let d be x(a). Calculate the greatest common divisor of 17 and d.
17
Let o(d) = 8*d - 11. Let l(t) = -12*t + 17. Let x(n) = 5*l(n) + 8*o(n). Let m be x(2). Calculate the highest common factor of 45 and m.
5
Suppose 0 = t + t + 16. Let x(c) = c**2 + 4*c + 1. Let u be x(t). What is the greatest common factor of u and 22?
11
Let g be (19*(-4)/(-4))/1. Let l = g + -6. What is the highest common divisor of l and 39?
13
Let m be (-12)/20 - 2872/(-20). Calculate the highest common divisor of m and 13.
13
Let f be 1706/38 + 14/133. Let t(p) = -p**3 - 9*p**2 - 3*p - 9. Let s be t(-9). Calculate the highest common divisor of f and s.
9
Let m(a) = a - 2. Let c be m(2). Suppose -4*y + 5 - 1 = c. Suppose v - 17 = -y. What is the highest common factor of v and 64?
16
Let z(o) = -4*o**2 + 11*o - 11. Let s(d) = -3*d**2 + 11*d - 11. Let y(f) = -3*s(f) + 2*z(f). Let c be y(10). Calculate the greatest common divisor of 8 and c.
1
Let k be 3*(16/12 - 0). Let c(q) = 10*q - 12. Let y be c(k). Calculate the greatest common divisor of y and 252.
28
Suppose -4*k + 2 + 14 = 0. Suppose -j = -5 + k. What is the highest common factor of 11 and j?
1
Suppose -12 = 3*m - 7*m. Suppose 5*g + m = 143. Calculate the greatest common factor of g and 42.
14
Let c = -16 - -19. What is the highest common divisor of c and 24?
3
Suppose -3*w = -4*w + 179. Suppose 0 = 2*o + 39 - w. Let q(h) = 3*h**2 - 6*h + 5. Let z be q(3). What is the greatest common factor of o and z?
14
Let b(i) = i**3 + 7*i**2 + 2*i + 9. Let z be b(-6). Calculate the highest common factor of 33 and z.
33
Let o(f) = f + 20. Let h be o(-17). Let j be 104/5 - (-2)/10. Calculate the greatest common divisor of h and j.
3
Let h be ((-1)/3)/(4/(-84)). Let n = h + -4. Suppose -4*p + n*p + 12 = 0. Calculate the highest common factor of p and 24.
12
Let o be ((-8)/(-12))/(1/3). Suppose -2*i + o = -6. Suppose -70 = -i*n - n. What is the greatest common divisor of n and 126?
14
Let z be -9*(-2 - 16/(-12)). What is the highest common divisor of 66 and z?
6
Let t be 74/259 - ((-61)/7 - -1). Let l = -4 - -12. Calculate the greatest common factor of l and t.
8
Let n = 78 - 67. What is the greatest common factor of n and 44?
11
Let p(h) be the second derivative of 0 + 5*h + 1/12*h**4 - 3/2*h**3 + 3*h**2. Let r be p(9). What is the highest common divisor of r and 12?
6
Suppose 22 = x + 4*t - 5, -t = 0. Suppose 4*z - 1 - x = 0. Calculate the greatest common factor of 7 and z.
7
Let s(t) = 2*t + 6. Let u be s(10). Suppose -d = -3*d + u. What is the greatest common divisor of d and 39?
13
Let a(n) = n + 5. Let h be a(-5). Suppose 4*s + 1 = -2*k - s, 0 = -3*s - 15. Suppose x + 2*x - k = h. What is the highest common divisor of 10 and x?
2
Suppose -32 = -5*q - 7. Suppose 0*h - 4*y = 4*h - 92, q*h - 100 = -2*y. Calculate the highest common factor of 27 and h.
9
Suppose -5*j - o + 95 = 0, 4*j - 10 = -3*o + 77. Calculate the highest common factor of j and 54.
18
Suppose 4*k - 16 - 12 = 0. What is the greatest common factor of k and 7?
7
Suppose 0 = -2*u + 342 + 122. Calculate the greatest common divisor of 29 and u.
29
Let g(m) = m**3 + 15*m**2 + 5*m + 2. Let w be g(-13). Calculate the highest common factor of 25 and w.
25
Let r be 0 + (4 - -3) + 2. Let h = 27 - -36. What is the greatest common factor of h and r?
9
Suppose -41 = -2*u - 5. Calculate the highest common divisor of 12 and u.
6
Suppose -1 = 2*d - 25. What is the highest common divisor of d and 60?
12
Suppose -2*z + 26 = -k, 0 = -z + 5*z + 4*k - 64. Let o = 31 + -17. What is the greatest common factor of o and z?
14
Let x(d) = 23*d**2 + 9*d + 9. Let z(q) = -12*q**2 - 5*q - 5. Let r(j) = 3*x(j) + 5*z(j). Let h be r(-3). What is the highest common factor of h and 7?
7
Let l be 2/11 - 482/(-11). Suppose -3*z + z + 8 = 0. What is the highest common factor of z and l?
4
Suppose o + 7 = -4*c, -3*o + 5 - 15 = c. Let y = 13 - o. Calculate the highest common divisor of 32 and y.
16
Let n be 3 - 2 - 3 - -8. Let u be ((-2)/n)/((-1)/12). Suppose 4*p = -u*c + 32, 2*p + 0*c - 16 = -4*c. Calculate the greatest common divisor of p and 20.
4
Let d(m) be the third derivative of m**4/6 - m**3 - m**2. Let a be d(4). What is the highest common factor of 80 and a?
10
Suppose -54 = g - 2*g. Calculate the greatest common factor of g and 18.
18
Suppose 96 = 3*r - 3*w, -5*r + 111 + 49 = 5*w. Calculate the highest common divisor of r and 80.
16
Let n be 16 + (-2 + 0 - -3). Let c = -1 - -4. Suppose o + 563 = c*p, p + 3*o + 380 = 3*p. What is the greatest common divisor of p and n?
17
Let w be (7/21)/(1/9). Suppose -3*n + 8 = 5*m, -4*m = w*n - 3 - 7. Calculate the greatest common divisor of 42 and n.
6
Let p = -5 + 5. Let y be (0 + (1 - p))*4. Suppose y*q - 360 = q. Calculate the greatest common factor of 15 and q.
15
Let l(j) = j**3 - 5*j**2 - 6*j + 2. Let q be l(6). Let w(c) = -c**2 + 20*c - 58. Let a be w(16). Calculate the highest common divisor of a and q.
2
Let w(g) be the second derivative of -g**3/2 - 5*g**2/2 - 4*g. Let u be w(-3). Let x = 14 - u. Calculate the greatest common factor of 90 and x.
10
Let k(x) = -x**2 + 4*x + 1. Let d be k(5). Let t = d - -18. What is the highest common divisor of 126 and t?
14
Let z(p) = p**3 - 14*p**2 + 2*p - 19. Let d be z(14). Calculate the highest common divisor of d and 3.
3
Let g = -1 + 5. Suppose 0 = -3*y + 12, 2*y - 133 = -g*x - x. Let k be (-10)/x - 72/(-5). What is the greatest common factor of k and 112?
14
Let c(b) = -2*b - 1. Let d be 76/(-16) - 1/4. Let v be c(d). What is the greatest common factor of 54 and v?
9
Let p = -8 + 18. Calculate the greatest common divisor of 110 and p.
10
Suppose x - 3*x + 2*w - 4 = 0, -4*x + w = -4. Calculate the greatest common divisor of x and 6.
2
Let b = 52 - 17. Suppose 158 = h + 151. Calculate the highest common divisor of h and b.
7
Let v(p) = 9*p + 9. Let k be v(11). Suppose 3*b + 120 = 5*i, 0 = i + 6*b - 2*b - 47. Calculate the greatest common divisor of i and k.
27
Suppose -h + 5 = 1, h + 392 = 2*r. Calculate the highest common factor of r and 18.
18
Suppose 7 = 2*o + 59. Let s = -15 - o. What is the highest common factor of s and 11?
11
Suppose 0 = x - 3*v - 6, -5*x - 3*v + 15 = 3. Let i be ((-2)/x)/(2/3). Let o be (i + 3)*2/2. Calculate the highest common factor of 4 and o.
2
Let q(u) = 0*u - 9 - 3*u - 3 + 2 + u**2. Suppose 2*i + 7 = 21. Let r be q(i). Calculate the greatest common divisor of r and 27.
9
Let i(k) = 19*k - 12. Let r be i(2). Calculate the highest common divisor of r and 2.
2
Let o be 43*(-4)/(-36) - 4/(-18). Let t = 113 + -63. Suppose -w - w = -t. What is the greatest common divisor of w and o?
5
Let l = -2 - -6. Let i be (-2)/(-3) - l/(-3). What is the highest common divisor of i and 22?
2
Suppose 9*c - 21*c + 1488 = 0. What is the highest common factor of 62 and c?
62
Let u(l) = l**2 + 4*l - 2. Let f be u(-7). Calculate the highest common divisor of 57 and f.
19
Let j(d) = -2*d**2 - 14*d + 4. Let l be j(-6). What is the greatest common factor of l and 2?
2
Let x = 58 - 47. Calculate the highest common divisor of 99 and x.
11
Let g = -141 - -198. Suppose g = 6*q - 3*q. Suppose -9*d - 1252 = -3133. Calculate the highest common divisor of d and q.
19
Suppose -4*g - 19 = -39. Calculate the greatest common divisor of g and 20.
5
Suppose -170 = -5*m - 5*n, 3*n + 5 = -2*m + 71. Let c be (-1)/((-1)/(-2))*-12. What is the greatest common factor of c and m?
12
Let h = -25 + 49. Suppose 152 = -4*s + 4*k, 4*s = 3*s - 2*k - 44. Let j = -4 - s. What is the greatest common divisor of j and h?
12
Let s(m) be the third derivative of -m**4/3 + 2*m**3/3 + 16*m**2. Let u = 7 - 10. Let q be s(u). Calculate the highest common divisor of 4 and q.
4
Let a(v) = v**3 - 3*v**2 + 2*v - 1. Let s be a(3). What is the greatest common divisor of s and 1?
1
Suppose -2*h = 2 - 6. Let t be ((-10)/4 + h)*-16. What is the highest common factor of t and 88?
8
Suppose 5*d = 4*p - 130, 0 = -2*p + 4*d + d + 70. Calculate the highest common factor of 5 and p.
5
Let d = -25 + 41. Calculate the highest common factor of d and 176.
16
Let g(b) = b**2 - 6*b + 3. Let w be g(5). Let k be (w/3)/((-2)/18). Suppose 7*t = -3*x + 5*t + 6